+ 33 = -0*a - 2*a. What is the greatest common factor of t and b?
9
Let y = -3 + 2. Suppose 3*o - 6*o + 5*m = 48, -3*o - m - 30 = 0. Let b be o*(y + 0 - 0). What is the greatest common factor of b and 77?
11
Let d(t) = t + 11. Let k be d(0). Let q(j) = 2*j**2 - 7*j**3 + 4*j**2 - 2*j - 5*j**3 + k*j**3. Let r be q(5). What is the greatest common factor of 15 and r?
15
Suppose -44*p + 2119 + 37 = 0. What is the greatest common divisor of 3871 and p?
49
Let j(y) = -21*y**2 - 2*y + 4. Let z be j(-3). Let d be (-15)/(-45) + z/(-3). What is the greatest common factor of 24 and d?
12
Suppose -8*j = -4 - 604. Calculate the greatest common factor of j and 4.
4
Let z be (36/16 + -2)*36. Let q = 7 - 4. Suppose -2*t - t = -q*a + 96, -3*a = 5*t - 56. What is the greatest common factor of z and a?
9
Suppose -22*s + 21*s = -3. Suppose 0 = -5*b + 4*b + s*v + 14, v - 12 = -3*b. Calculate the highest common divisor of 40 and b.
5
Suppose -3*r - 5*d = 13, -2*r - 3 = -3*r + 2*d. Let l be r/(-2)*(12 + -12). Suppose -4*g + 5 + 3 = l. Calculate the greatest common divisor of g and 18.
2
Let z = 9 + 7. Let a be 4/z - 126/(-8). Suppose 4*q - 48 = -3*y, 5*y - 2*q - a = 4*y. Calculate the highest common divisor of y and 128.
16
Let u(n) = -n**3 - 9*n**2 - 10*n - 20. Let m be u(-9). Calculate the greatest common divisor of 14 and m.
14
Suppose -5*l - 496 = 44. Let m = 64 + l. Let f = m - -89. Calculate the highest common factor of 30 and f.
15
Let r = 741 + -412. What is the highest common divisor of 188 and r?
47
Let a(b) = 7*b + 2. Let v be a(4). Suppose 3*c - 44 = 5*y, 2*y + 5*c = c - 2. Let u be 8 - -1 - (-8 - y). Calculate the highest common factor of v and u.
10
Let h be 9440/336 - 2/21. Calculate the greatest common factor of 42 and h.
14
Let i be ((-318)/9)/((-8)/12). Suppose 4*u + i = r - 32, 5*r + 2*u - 315 = 0. Let x = 107 - r. What is the greatest common factor of 28 and x?
14
Let l(y) = 8*y - 89. Let d be l(20). Calculate the highest common factor of d and 71.
71
Suppose -174*o + 45 = -169*o. Let m(q) = q**3 - 4*q**2 - 10*q - 4. Let b be m(8). Let p = b - 91. What is the greatest common factor of o and p?
9
Let f be (-46)/(-299) + (-1948)/(-13). Let o be 0/(-3) - 3 - -63. Calculate the highest common factor of f and o.
30
Let i(o) = -2*o**3 - 11*o**2 + 15*o + 2. Let r be i(-7). Suppose 3*g - 225 = -2*l - 2*g, -5*l + 2*g + 548 = 0. Calculate the greatest common divisor of r and l.
22
Suppose -5*n + 70 = 5*r - 0*n, -6 = 3*n. Let c be 440/(-6)*24/(-10). Calculate the greatest common divisor of c and r.
16
Suppose 0 = -9*v - 348 + 2463. Calculate the greatest common divisor of v and 47.
47
Let l = -35 + 50. What is the greatest common divisor of l and 25?
5
Suppose 16*z = 24*z - 520. Calculate the greatest common factor of 1625 and z.
65
Suppose -79*b + 3618 = 458. Let v(d) = d**3 + 5*d**2 - 3*d - 5. Let n be v(-5). Calculate the highest common factor of n and b.
10
Let p = 26 + -15. Suppose -35 = -p*o + 6*o. Let m = 25 - 11. Calculate the highest common divisor of o and m.
7
Let q be (12/(-3) - 0) + -14. Let r = q + 25. Suppose -x = 3 - 4. Calculate the greatest common divisor of x and r.
1
Suppose p + 27*w - 24*w - 81 = 0, 0 = -2*p + w + 176. Calculate the greatest common factor of 2175 and p.
87
Suppose -2*y - 5*x = -33, -10*x + 12 = -14*x. Calculate the greatest common factor of 120 and y.
24
Let l be ((-48)/6)/(1*5/(-15)). Calculate the greatest common factor of l and 1536.
24
Suppose -5*v - 119 = -2*p, -2*p - 2*v = -60 - 94. Calculate the highest common factor of p and 18.
18
Let t = 170 + -161. Calculate the highest common factor of 24 and t.
3
Let m(h) = -h + 137. Let f be m(-6). Calculate the highest common divisor of f and 52.
13
Let n(g) = -g - 9. Let p(o) = -o - 10. Let b(t) = 6*n(t) - 5*p(t). Let j be b(-5). Let c be (-1)/(1/(-69)) + j. What is the greatest common divisor of 28 and c?
14
Let t = -142 - -237. Let c be 1 - 4*(-1)/(-8)*26. Let m = 7 - c. What is the greatest common divisor of t and m?
19
Let c be (-114)/(-10) - 2/5. Let i = 111 - 115. Let g be 113 - ((-9)/i)/((-12)/(-16)). What is the highest common factor of g and c?
11
Let y(g) = 51*g - 44*g - g**2 + 11 + 7. Let v be y(7). Calculate the greatest common divisor of v and 54.
18
Let a = 76 - 58. Suppose -11 = -2*q - 5*w, -5*q + 3*w - 6*w = -a. Calculate the greatest common divisor of q and 6.
3
Let t = -12 + 8. Let m = t - 20. Let l be 69/4 - (-6)/m. Calculate the highest common divisor of 187 and l.
17
Let y = 330 + -315. Calculate the highest common divisor of 1005 and y.
15
Let m(y) = y**3 + 9*y**2 - 18*y - 42. Let o be m(-8). What is the highest common factor of 2 and o?
2
Suppose 4*r - 5*t - 40 = r, -5*r + t + 30 = 0. What is the greatest common divisor of 35 and r?
5
Let u(t) = -5*t - 20. Suppose -5*m - 15 = -4*m + k, k = 0. Let q be u(m). Calculate the highest common divisor of q and 5.
5
Suppose 0 = -4*f + 5*s + 105, 2*s = 3*s + 5. Let x(c) = c**2 - c - 10. Let w be x(-5). Calculate the greatest common factor of w and f.
20
Let i(q) = -q**2 + 11*q + 7. Let n be i(9). Let y be n + ((-1)/2)/(1/4). What is the highest common divisor of y and 253?
23
Let f = 195 + -101. What is the highest common divisor of 517 and f?
47
Let b(h) = h**3 + h**2 - h + 5. Let q be b(-2). Let d = 85 - 20. Suppose 4 = -a + 3*c, -q*c + c + d = 5*a. What is the highest common divisor of a and 88?
11
Suppose 0 = -18*w + 14*w + 4*x + 1348, 5*x = -5. What is the highest common divisor of 42 and w?
42
Suppose 3*r - r = 5*m + 220, -5*m + 220 = 2*r. Suppose -5*b + 36 = -14. Calculate the highest common divisor of r and b.
10
Suppose -h = 2 - 4. Let t be 4/((-32)/(-6) - 4). Suppose -l + b - 5*b = -4, -8 = -2*l + t*b. What is the greatest common divisor of l and h?
2
Let k(o) = 26*o + 676. Let p be k(20). Calculate the highest common factor of 23 and p.
23
Let h be (-10)/210*-387 - 8/(-14). Calculate the greatest common factor of h and 5.
1
Suppose 2*x + 85 = 3*x. Let v(w) = -150*w + 334. Let h be v(2). Calculate the greatest common factor of x and h.
17
Let c = 28 - 49. Let x = c + 31. Suppose 0 = -6*u + 3*u + 120. Calculate the highest common factor of u and x.
10
Let o = -34 + 84. Suppose -3*k - 4*m = -78, 0 = -11*k + 14*k - m - 93. Suppose o = c + 5*g, c = -0*g - g + k. What is the highest common factor of 200 and c?
25
Let j be 2/21 + 92/(-84) - -58. Calculate the highest common divisor of j and 627.
57
Let i be -28*5/((-5)/(-2)). Let f = -32 - i. What is the greatest common divisor of f and 12?
12
Let t(v) = 13*v**2 + v. Let a be t(-1). Let u(n) = 5*n**2 - 4*n + 3. Let p be u(-3). What is the greatest common factor of p and a?
12
Let s = -2 - -4. Suppose 1029 = 5*q + u, -6 = s*u - 14. Calculate the greatest common factor of 41 and q.
41
Let y be (184/(-6))/((-3)/(-9)). Suppose 10 = 2*f, 0*h + 3*h = -2*f + 10. Let a be (0 - y) + h - 2. Calculate the highest common divisor of 30 and a.
30
Let m(n) = 33*n**2 - 2*n + 1. Let w be m(2). Let k(j) = j**2 + 4*j - 8. Let a be k(7). Let l = w - a. Calculate the highest common factor of l and 40.
20
Let s be 30 + (-6 - (0 - 4)). Suppose 54 = 30*j - s*j. Calculate the greatest common factor of j and 36.
9
Suppose -2*n - 3 = -19. Suppose 2556 = 32*z - 2*d, z - 4*d - 12 - 60 = 0. What is the greatest common factor of n and z?
8
Let d(g) = -130*g**3 + 5 + 9 + 129*g**3. Let c be d(0). What is the greatest common divisor of 112 and c?
14
Suppose -15*l = -7*l - 200. Suppose 5*c = -5*p + 40, 2*p + 29 = 5*c - l. What is the greatest common divisor of 20 and c?
10
Suppose -10*c = -9*c - 1, -m + 17 = 2*c. Calculate the highest common factor of m and 5.
5
Let z = 21 - 12. Let b(j) = j + j + j + 8*j - 10. Let k be b(5). Calculate the highest common divisor of z and k.
9
Let h be 802175/825 + 1*2/(-6). What is the highest common factor of h and 24?
12
Let g(r) = 18*r**2 + 2 - 6*r**2 + 5*r - 10*r**2. Let z be g(-2). Let v be (-154)/(-3)*(3 - z). Calculate the highest common factor of v and 14.
14
Let r(k) = k**3 + 10*k**2 - 8*k - 3. Let f be r(-9). What is the highest common divisor of f and 18?
6
Let s be (-14 - -15) + (0 - 2) + 871. Calculate the highest common divisor of 6 and s.
6
Suppose -3 = -d, b - d + 4*d - 113 = 0. Calculate the highest common factor of b and 26.
26
Suppo